{"id":87,"date":"2021-05-11T16:24:45","date_gmt":"2021-05-11T19:24:45","guid":{"rendered":"https:\/\/www.theotita.com.br\/?page_id=87"},"modified":"2021-05-22T11:16:26","modified_gmt":"2021-05-22T14:16:26","slug":"servicos","status":"publish","type":"page","link":"https:\/\/www.theotita.com.br\/index.php\/servicos\/","title":{"rendered":"Servi\u00e7os"},"content":{"rendered":"\n<p>Com base na metodologia adequada, n\u00f3s fazemos um trabalho de consultoria completa para a sua empresa, indicando os pontos de melhoria, a\u00e7\u00f5es a serem tomadas e recursos necess\u00e1rios para melhora da gest\u00e3o. Al\u00e9m disso, oferecemos organiza\u00e7\u00e3o da gest\u00e3o empresarial e cont\u00e1bil, capacita\u00e7\u00e3o e auditoria e terceirizamos os servi\u00e7os financeiros da sua empresa com o BPO.<\/p>\n\n\n\n<p>Voc\u00ea sabe como a Theotita pode aperfei\u00e7oar a gest\u00e3o da sua empresa?<\/p>\n\n\n\n<p>Continue lendo e conhe\u00e7a mais sobre cada um de nossos servi\u00e7os!<\/p>\n\n\n\n<div class=\"wp-block-buttons\">\n<div class=\"wp-block-button\"><a class=\"wp-block-button__link\" href=\"https:\/\/www.theotita.com.br\/index.php\/solicitacao-de-proposta\/\">Solicite uma proposta<\/a><\/div>\n<\/div>\n\n\n\n<p><\/p>\n","protected":false},"excerpt":{"rendered":"<p>Com base na metodologia adequada, n\u00f3s fazemos um trabalho de consultoria completa para a sua empresa, indicando os pontos de melhoria, a\u00e7\u00f5es a serem tomadas e recursos necess\u00e1rios para melhora da gest\u00e3o. Al\u00e9m disso, oferecemos organiza\u00e7\u00e3o da gest\u00e3o empresarial e cont\u00e1bil, capacita\u00e7\u00e3o e auditoria e terceirizamos os servi\u00e7os financeiros da sua empresa com o BPO. <a class=\"more-link\" href=\"https:\/\/www.theotita.com.br\/index.php\/servicos\/\">Leia mais&#8230; &raquo;<\/a><\/p>\n","protected":false},"author":1,"featured_media":0,"parent":0,"menu_order":0,"comment_status":"closed","ping_status":"closed","template":"","meta":[],"_links":{"self":[{"href":"https:\/\/www.theotita.com.br\/index.php\/wp-json\/wp\/v2\/pages\/87"}],"collection":[{"href":"https:\/\/www.theotita.com.br\/index.php\/wp-json\/wp\/v2\/pages"}],"about":[{"href":"https:\/\/www.theotita.com.br\/index.php\/wp-json\/wp\/v2\/types\/page"}],"author":[{"embeddable":true,"href":"https:\/\/www.theotita.com.br\/index.php\/wp-json\/wp\/v2\/users\/1"}],"replies":[{"embeddable":true,"href":"https:\/\/www.theotita.com.br\/index.php\/wp-json\/wp\/v2\/comments?post=87"}],"version-history":[{"count":5,"href":"https:\/\/www.theotita.com.br\/index.php\/wp-json\/wp\/v2\/pages\/87\/revisions"}],"predecessor-version":[{"id":214,"href":"https:\/\/www.theotita.com.br\/index.php\/wp-json\/wp\/v2\/pages\/87\/revisions\/214"}],"wp:attachment":[{"href":"https:\/\/www.theotita.com.br\/index.php\/wp-json\/wp\/v2\/media?parent=87"}],"curies":[{"name":"wp","href":"https:\/\/api.w.org\/{rel}","templated":true}]}}